ighest common factor of 237 and 2406?
3
What is the highest common divisor of 151 and 5406253?
151
What is the highest common factor of 99831 and 4173?
321
What is the highest common divisor of 1677 and 5655?
39
What is the greatest common factor of 3993672 and 24?
24
What is the highest common divisor of 1472 and 3808?
32
What is the greatest common factor of 5428 and 7434?
118
Calculate the highest common factor of 28 and 94108.
28
What is the highest common factor of 612252 and 252?
36
Calculate the highest common divisor of 930 and 3840.
30
Calculate the highest common divisor of 366270 and 29.
29
Calculate the greatest common factor of 7760 and 1067.
97
Calculate the highest common factor of 25001 and 115.
23
What is the highest common divisor of 102 and 224961?
51
Calculate the highest common divisor of 108188 and 10234.
1462
Calculate the highest common divisor of 642392 and 236.
236
What is the greatest common factor of 2250 and 20500?
250
Calculate the highest common divisor of 29220 and 6.
6
What is the greatest common factor of 10144 and 1408?
32
Calculate the greatest common factor of 1166 and 29362.
106
What is the highest common divisor of 7276 and 51?
17
Calculate the highest common factor of 626080 and 140.
140
Calculate the highest common factor of 621 and 57.
3
Calculate the highest common divisor of 14307 and 2052.
57
Calculate the highest common divisor of 135 and 37005.
15
What is the highest common divisor of 374 and 58514?
34
What is the highest common factor of 50 and 5127090?
10
What is the highest common divisor of 144819 and 153?
9
Calculate the greatest common factor of 7854 and 147.
21
Calculate the highest common factor of 6 and 1160646.
6
What is the greatest common factor of 4246 and 15422?
22
Calculate the greatest common divisor of 554125 and 12870.
715
What is the highest common divisor of 1445530 and 2790?
310
Calculate the greatest common divisor of 243163 and 511.
73
Calculate the greatest common divisor of 60352 and 984.
328
What is the greatest common divisor of 25001 and 3243?
23
What is the greatest common divisor of 8 and 194696?
8
What is the greatest common divisor of 234 and 1232010?
234
What is the highest common divisor of 7 and 1066541?
7
What is the greatest common factor of 171 and 2489?
19
Calculate the greatest common factor of 11275 and 110.
55
What is the highest common divisor of 83528 and 13396?
788
What is the greatest common factor of 398 and 835402?
398
What is the highest common factor of 8705 and 419581?
1741
What is the highest common divisor of 1092 and 7345?
13
Calculate the greatest common divisor of 600 and 9075.
75
Calculate the highest common divisor of 6899235 and 105.
105
What is the highest common factor of 660 and 492360?
660
Calculate the greatest common factor of 1510 and 540.
10
What is the greatest common divisor of 39 and 771?
3
What is the highest common factor of 1936 and 20?
4
Calculate the highest common factor of 85 and 34051.
17
Calculate the highest common divisor of 816 and 884.
68
Calculate the greatest common factor of 7889 and 3773.
343
What is the highest common divisor of 240 and 38265?
15
What is the highest common factor of 4284 and 5117?
119
What is the greatest common divisor of 82602 and 3354?
78
What is the greatest common factor of 297 and 83457?
297
Calculate the highest common factor of 526 and 234333.
263
Calculate the highest common divisor of 50582 and 574.
14
Calculate the greatest common divisor of 465 and 52905.
15
Calculate the greatest common factor of 166656 and 2912.
224
What is the greatest common factor of 1104120 and 720?
360
What is the greatest common factor of 1309 and 8789?
187
What is the highest common divisor of 883419 and 12837?
1167
Calculate the greatest common factor of 109631 and 148.
37
Calculate the greatest common factor of 27161796 and 12.
12
What is the greatest common divisor of 42 and 3200988?
42
Calculate the greatest common divisor of 34836 and 6.
6
What is the highest common divisor of 4192 and 23984?
16
What is the highest common factor of 348 and 2320?
116
What is the highest common factor of 260 and 46956?
52
Calculate the highest common factor of 304 and 4272.
16
Calculate the highest common divisor of 193829 and 4866.
811
What is the greatest common factor of 226362 and 93?
93
Calculate the greatest common divisor of 2871 and 34947.
99
Calculate the highest common factor of 318720 and 747.
249
What is the greatest common factor of 440 and 12800?
40
Calculate the greatest common divisor of 4060050 and 10.
10
What is the greatest common divisor of 1385032 and 44?
44
Calculate the highest common divisor of 310517 and 34751.
1121
Calculate the highest common factor of 791 and 65879.
113
What is the greatest common divisor of 145808 and 208?
208
What is the highest common divisor of 180 and 45702?
18
What is the greatest common factor of 9 and 11986839?
9
What is the greatest common divisor of 225 and 10475?
25
What is the highest common factor of 2451523 and 1285?
257
Calculate the greatest common divisor of 33 and 599775.
33
Calculate the greatest common divisor of 6013 and 525.
7
Calculate the greatest common divisor of 48888 and 2034.
18
Calculate the highest common divisor of 361377 and 9.
9
Calculate the highest common divisor of 14 and 279475.
7
What is the greatest common divisor of 8890 and 172060?
70
Calculate the greatest common divisor of 10700 and 40.
20
Calculate the greatest common divisor of 24832 and 704.
64
Calculate the greatest common divisor of 136 and 4658.
34
What is the highest common divisor of 123602 and 1334?
46
What is the greatest common divisor of 97313 and 92?
23
Calculate the greatest common divisor of 1689 and 1970500.
563
Calculate the highest common factor of 308988 and 234.
18
Calculate the highest common factor of 24 and 75880.
8
Calculate the greatest common factor of 8413 and 3384.
47
What is the greatest common divisor of 723632 and 104?
104
Calculate the greatest common divisor of 62 and 79081.
31
Calculate the greatest common divisor of 160 and 4520.
40
Calculate the greatest common divisor of 2 and 179677.
1
Calculate the highest common factor of 254450 and 1316.
14
What is the highest common factor of 1477 and 80813?
211
What is the greatest common divisor of 2023 and 2142?
119
What is the greatest common factor of 1205 and 10604?
241
Calculate the highest common factor of 50 and 74395.
5
Calculate the greatest common factor of 116 and 2552986.
58
Calculate the greatest common divisor of 21975 and 325.
25
What is the greatest common factor of 29758 and 2?
2
What is the highest common factor of 612 and 1333412?
68
What is the highest common divisor of 284 and 3641164?
284
What is the highest common factor of 530926 and 132?
22
Calculate the greatest common divisor of 8703772 and 5082.
1694
What is the highest common divisor of 78942 and 892?
446
Calculate the greatest common factor of 24705 and 1485.
135
Calculate the highest common divisor of 94 and 155053.
47
Calculate the greatest common factor of 117 and 110169.
9
Calculate the greatest common factor of 31 and 1069469.
31
Calculate the greatest common divisor of 12 and 132900.
12
Calculate the highest common factor of 23246 and 17582.
118
What is the greatest common divisor of 415757 and 8?
1
What is the highest common factor of 159016 and 260?
52
What is the highest common factor of 9 and 46?
1
Calculate the highest common divisor of 11557 and 7371.
91
What is the highest common divisor of 760 and 42275?
95
What is the greatest common factor of 1645 and 1512?
7
What is the highest common divisor of 200 and 24025?
25
Calculate the highest common divisor of 538125 and 6601.
287
What is the greatest common factor of 23936 and 4400?
176
Calculate the highest common factor of 287 and 42.
7
What is the highest common divisor of 308 and 974281?
77
Calculate the greatest common factor of 180 and 27220.
20
Calculate the highest common factor of 2977 and 481.
13
What is the highest common divisor of 57150 and 4500?
450
Calculate the highest common divisor of 1919 and 677912.
101
What is the greatest common divisor of 240 and 85632?
48
What is the highest common divisor of 3187570 and 230?
230
Calculate the highest comm